 = -4*i - 20. Suppose 0*u = 5*u + 5*k - 145, -k = i*u - 137. List the prime factors of u.
3
Let f = 209 + -105. List the prime factors of f.
2, 13
Let g be 1*(15 - 4/2). Let r = -3 + g. Let s = 0 + r. List the prime factors of s.
2, 5
Suppose -4*a = -3 - 17. Suppose n = a*n. Suppose j + 2*m = -n*j + 21, -3*m = -j + 1. List the prime factors of j.
13
Let o(v) = 2*v**3 - 2*v**2 + 3*v - 2. Let h be o(2). Let u = 66 + h. Suppose -5*b + r = 2*r - 96, 2*r = -4*b + u. List the prime factors of b.
19
Let g(a) = 21*a**3 - a**2 + a. List the prime factors of g(1).
3, 7
Let b(c) = 6*c**3 - 3*c**2 + 3*c - 2. Let p be b(2). Suppose -4*x = -p - 32. List the prime factors of x.
2, 3
Suppose -4*f = d + 14, -2*d + 2*f = 2*d - 34. What are the prime factors of ((-7)/2)/((-1)/d)?
3, 7
Let y(h) = -h**3 + 10*h**2 + h - 10. Let t be y(10). Suppose t = 4*m - 7 + 3. Let f = 6 + m. List the prime factors of f.
7
Let r = 6 + -3. Suppose -r - 63 = -2*y. List the prime factors of y.
3, 11
Suppose -2*y = 6 - 18. List the prime factors of y.
2, 3
List the prime factors of 8/(-36) + 384/27.
2, 7
Let d(m) be the third derivative of m**5/60 + 7*m**4/24 + 2*m**3/3 + 7*m**2. Let i(b) = -b**3 - b**2 + 4*b - 3. Let k be i(2). List the prime factors of d(k).
2
Suppose l + 6 = 3. Let u(p) = -p**3 - 2*p**2 + p. Let g be u(l). Let n = 13 - g. What are the prime factors of n?
7
Let g(m) be the third derivative of -m**4/6 + m**3/6 + m**2. Let v be g(-5). Suppose -s + v = 2*s. What are the prime factors of s?
7
Let b(o) = 2*o - 6. Suppose 0 = 4*d - u - 36, 8*d = 4*d - u + 28. List the prime factors of b(d).
2, 5
Let o = -28 - -58. Let r(t) = -t**3 + t**2 + 5*t - 2. Let q be r(3). What are the prime factors of (-32)/q - 12/o?
2, 3
What are the prime factors of (-5 - -2)/12 - (-741)/4?
5, 37
Let t = -1 - -5. Suppose -s = r - 1 - 14, -t*r - 5*s + 64 = 0. List the prime factors of r - -2*(-1 + 2).
13
Suppose -2*y - 22 = r, 5*r - 46 = 3*y - 0*y. Let m = -6 - y. What are the prime factors of m?
2, 3
Let h be ((-1)/3)/((-2)/108). What are the prime factors of (-15)/10*h*-2?
2, 3
Let n = 447 + -263. List the prime factors of n.
2, 23
Suppose 19*a = 25*a - 1944. What are the prime factors of a?
2, 3
List the prime factors of (-93)/(-1 - 2) + 3.
2, 17
Let m be 98/8 - (-4)/(-16). Let f be (-15)/m - (-2)/8. Let g = f - -7. What are the prime factors of g?
2, 3
Suppose 0 = -4*v - 30 + 74. List the prime factors of v.
11
Let n(q) = -q**3 - 6*q**2 - 7*q - 5. Let u be n(-5). Suppose u*r + 5*s - 61 = -11, 3*s - 44 = -5*r. List the prime factors of r.
7
Suppose 5*j - 3*j = 2*q, -4*j = 5*q. Suppose 5*o = 5*k - 15, 5*k + q*k = -4*o + 33. Suppose o*z = -2*z + 40. List the prime factors of z.
2, 5
Let i = -13 - -17. Suppose 3*r = 2*a - 2, 2*r - a + 3 = 2*a. Suppose -3*o + i*o - 7 = r. List the prime factors of o.
7
Suppose -4*t + 158 = 2*v, 4 - 1 = -3*t. What are the prime factors of v?
3
Let r(z) = 28*z**2 + 2*z + 4. What are the prime factors of r(2)?
2, 3, 5
Suppose -4 = -t, 36 + 4 = -4*p - 4*t. What are the prime factors of (-48)/(-28) - 4/p?
2
Let w(t) = -15*t + 45. List the prime factors of w(-11).
2, 3, 5, 7
What are the prime factors of (-464)/(-12) - (-2)/6?
3, 13
Let w = -4 + 6. Let r be w/(-6) + 25/3. Let f = 3 + r. What are the prime factors of f?
11
Suppose 2*s = -3 - 7. Let z(h) = -1. Let v(u) = -u - 9. Let j(x) = -v(x) + 2*z(x). List the prime factors of j(s).
2
Suppose 4*g - 68 = 3*n, n + 60 = 4*g - 0*n. List the prime factors of g.
2, 7
Suppose -4*z = -23 + 3. Suppose 17 = 6*c - z*c. List the prime factors of c.
17
Let z(o) = -o**3 + 4*o**2 + 6*o - 1. Let r be z(5). Suppose 3*u + 4 + 8 = -q, 3*q + u - r = 0. List the prime factors of q.
3
Let f = 16 - 11. List the prime factors of f.
5
Let z(n) = -2*n - 4. Let y be z(-7). Let s(u) = u**3 - 9*u**2 - 10*u + 1. Let d be s(y). Suppose 3*x - 16 = -d. List the prime factors of x.
5
What are the prime factors of 1/(-1) - (-1067)/11?
2, 3
Let z = -12 - -21. Let s be 420/9 - (-3)/z. Let x = s - 30. List the prime factors of x.
17
Let b(l) = -3*l - 20. What are the prime factors of b(-10)?
2, 5
Let o(w) = 3*w**2 - w. Let g(v) = v**3 + 6*v**2 + 1. Let s be g(-6). What are the prime factors of o(s)?
2
Let d(z) = -z**3 + 6*z**2 + 11*z - 10. Let w be d(7). Let m = w + -4. What are the prime factors of m?
2, 7
Let m = 34 - 5. Let z = m + -14. What are the prime factors of z?
3, 5
Let k = -9 - -14. Let w(q) = -q + 10. List the prime factors of w(k).
5
Let b(r) = r**3 + 4*r**2 - r. Let t be b(-4). Suppose 0 = q + q + 10, -t*z + q - 19 = 0. List the prime factors of 2/3 - 68/z.
2, 3
Let c(x) = -17*x. Let d be c(-3). Suppose 2*r - d = -11. List the prime factors of r.
2, 5
What are the prime factors of 417/2 + 1*9/18?
11, 19
Let h = -2 + 3. Let v = h - -1. List the prime factors of 6*(2 + (-1)/v).
3
Suppose -4*l + l = -45. Suppose -4*n + n = -l. Suppose 4*c + 2*p - 4 = 0, -3*c = -p - n - 8. What are the prime factors of c?
3
Suppose 4*x - 5*d - 70 = 0, 0 = -2*x - 0*d + 3*d + 34. List the prime factors of x.
2, 5
Suppose 2*l = -0*l + 5*h + 4, 2*l - 4*h = 4. Suppose -3*i - l*y - y = -51, 71 = 3*i - y. List the prime factors of i.
2, 11
Suppose 5 = l - 13. List the prime factors of l.
2, 3
Let b(l) = -l**3 - 2*l**2 - 105*l + 0 + 5 + 106*l. What are the prime factors of b(-4)?
3, 11
Let i = -93 + 142. What are the prime factors of i?
7
Let g = -33 + 63. What are the prime factors of g?
2, 3, 5
Let d(f) = 0*f + 1 + 3 + 6*f. What are the prime factors of d(5)?
2, 17
Let z(l) = -59*l. What are the prime factors of z(-1)?
59
Let z(h) = -h**3 + 5*h**2 + 2*h + 5. List the prime factors of z(4).
29
Suppose -i = -4*n + 5 + 5, 5*i - 2*n = -14. Let z = i + 1. Let w(y) = 10*y**2 - 2*y - 1. List the prime factors of w(z).
11
Suppose 0*r + 2*r = 12. Suppose r = q - 0*q. List the prime factors of q.
2, 3
Let f(n) = 6*n + 9. Let z be f(5). Suppose z = x + 7. List the prime factors of x.
2
Let a be 4/14 - 164/(-14). Let p(n) = n**3 + 11*n**2 + n + 11. Let y be p(-11). Suppose y = 3*r + 5*m - 23 - a, 7 = r + 4*m. List the prime factors of r.
3, 5
Let f be ((-50)/(-5))/(3 - 1). Suppose 0 = -f*o + 8 + 7. Suppose t = -o*t + 48. List the prime factors of t.
2, 3
Suppose -5*t = -5*u - 469 + 179, u + 117 = 2*t. What are the prime factors of t?
59
Suppose -2*b + 5*b - 5*s - 9 = 0, -3*b - 3*s + 9 = 0. Suppose -b*x + 3 = -21. List the prime factors of x.
2
Let l = -17 - -30. What are the prime factors of l - 3/((-6)/4)?
3, 5
Let g be 117/18*(0 - 2). Let l(r) = -r + 9. List the prime factors of l(g).
2, 11
Let u = 82 + -45. What are the prime factors of u?
37
Suppose -8*j - j + 1233 = 0. List the prime factors of j.
137
Suppose -4*g - g + 20 = 0. Let m = g + -3. Let t = 4 - m. What are the prime factors of t?
3
Let x = -83 + 119. Let r(h) = -26*h. Let f be r(1). Let o = f + x. What are the prime factors of o?
2, 5
Suppose -2*m + 6 = m. Let s = 4 - m. Suppose -s*p + 0*p + 10 = 0. What are the prime factors of p?
5
Let w(k) = -3*k**2 - 2*k + 4. Let p(f) = -f**2 + 1. Let n(r) = -4*p(r) + w(r). What are the prime factors of n(5)?
3, 5
Suppose -3*t + 5*a = 2*t - 115, 16 = 4*a. Let h = -6 + t. What are the prime factors of h?
3, 7
Suppose -3 = 2*k - 1. What are the prime factors of k/4 + 99/12?
2
Suppose 0*c - 3*c = 6. Let v = 7 + c. List the prime factors of v.
5
Let i(d) = -3*d**2 + 2*d - 12. Let x be i(5). Let b = 108 + x. List the prime factors of b.
31
Let o be 11 - 2/(-6)*-3. Let b = o - 7. Suppose b*c = 5*p - 0*c - 25, -2*p + 11 = -c. What are the prime factors of p?
2
Let w(i) = i. Let t be w(3). Let z(f) = -2*f**3 + 6 + 3*f**t - 2 - 5*f - 4*f**2. List the prime factors of z(5).
2
Suppose 5*m - 37 - 73 = 0. Let t = 53 - m. What are the prime factors of t?
31
Let d(z) = -9*z - 2. Let p(k) = -k + 8. Let s be p(11). What are the prime factors of d(s)?
5
Let z = 3 + -5. Let h(q) = -1. Let p(f) = f + 2. Let l(j) = -4*h(j) - 2*p(j). List the prime factors of l(z).
2
Let k = 102 + -51. Suppose -5*w + 4*y = -k, 56 = w + 4*w + y. Let u = w + -1. List the prime factors of u.
2, 5
Let i be (-1)/((-1)/(-4))*-1. Suppose 12 = 2*l + 4*y - 0*y, -l + i*y = 0. What are the prime factors of l?
2
Let o(a) = a**2 + 7*a + 2. Let k be o(-7). Suppose s + 3 = z, -k*z - s + 16 = 2*s. Suppose -l = n - z, -l - 